{"id":2070,"date":"2025-02-24T15:34:29","date_gmt":"2025-02-24T14:34:29","guid":{"rendered":"https:\/\/www.m-o-office.com\/site\/?page_id=2070"},"modified":"2025-02-24T15:48:16","modified_gmt":"2025-02-24T14:48:16","slug":"agence-management-booking-promotion-artistes-et-groupes","status":"publish","type":"page","link":"https:\/\/www.m-o-office.com\/site\/agence-management-booking-promotion-artistes-et-groupes\/","title":{"rendered":"Agence management booking promotion artistes et groupes"},"content":{"rendered":"<p><div class=\"fusion-fullwidth fullwidth-box fusion-builder-row-1 fusion-flex-container has-pattern-background has-mask-background fusion-parallax-none nonhundred-percent-fullwidth non-hundred-percent-height-scrolling\" style=\"--awb-border-radius-top-left:0px;--awb-border-radius-top-right:0px;--awb-border-radius-bottom-right:0px;--awb-border-radius-bottom-left:0px;--awb-min-height:70vh;--awb-background-image:linear-gradient(180deg, var(--awb-custom_color_1) 0%,var(--awb-custom_color_1) 100%),url(https:\/\/www.m-o-office.com\/site\/wp-content\/uploads\/2025\/02\/MO-OFFICE-groupe-musical-rock-en-concert-92584-HD-scaled.webp);;--awb-background-size:cover;--awb-flex-wrap:wrap;\" ><div class=\"fusion-builder-row fusion-row fusion-flex-align-items-flex-start fusion-flex-content-wrap\" style=\"max-width:1331.2px;margin-left: calc(-4% \/ 2 );margin-right: calc(-4% \/ 2 );\"><\/div><\/div><div class=\"fusion-fullwidth fullwidth-box fusion-builder-row-2 fusion-flex-container has-pattern-background has-mask-background nonhundred-percent-fullwidth non-hundred-percent-height-scrolling\" style=\"--awb-border-radius-top-left:0px;--awb-border-radius-top-right:0px;--awb-border-radius-bottom-right:0px;--awb-border-radius-bottom-left:0px;--awb-flex-wrap:wrap;\" ><div class=\"fusion-builder-row fusion-row fusion-flex-align-items-flex-start fusion-flex-content-wrap\" style=\"max-width:1331.2px;margin-left: calc(-4% \/ 2 );margin-right: calc(-4% \/ 2 );\"><div class=\"fusion-layout-column fusion_builder_column fusion-builder-column-0 fusion_builder_column_1_1 1_1 fusion-flex-column\" style=\"--awb-bg-size:cover;--awb-width-large:100%;--awb-margin-top-large:0px;--awb-spacing-right-large:1.92%;--awb-margin-bottom-large:20px;--awb-spacing-left-large:1.92%;--awb-width-medium:100%;--awb-order-medium:0;--awb-spacing-right-medium:1.92%;--awb-spacing-left-medium:1.92%;--awb-width-small:100%;--awb-order-small:0;--awb-spacing-right-small:1.92%;--awb-spacing-left-small:1.92%;\"><div class=\"fusion-column-wrapper fusion-column-has-shadow fusion-flex-justify-content-flex-start fusion-content-layout-column\"><div class=\"fusion-text fusion-text-1\"><h1 style=\"text-align: left;\" data-pm-slice=\"1 1 &#091;&#093;\"><span style=\"font-family: 'arial black', sans-serif; font-size: 14pt;\"><strong>M&amp;O OFFICE : Au service de la sc\u00e8ne musicale fran\u00e7aise<\/strong><\/span><\/h1>\n<p data-pm-slice=\"1 1 &#091;&#093;\"><strong>Agence management booking promotion artistes et groupes pop rock metal<\/strong><\/p>\n<p style=\"text-align: left;\">Dans un paysage musical en perp\u00e9tuel mouvement, les artistes ont besoin d\u2019un soutien solide pour faire entendre leur voix. C\u2019est l\u00e0 qu\u2019intervient <strong>M&amp;O OFFICE<\/strong>, une structure d\u00e9di\u00e9e au management, au booking et \u00e0 la promotion des groupes de musique pop, <a title=\"webzine metal rock\" href=\"https:\/\/www.pavillon666.fr\/webzine\/\" target=\"_blank\" rel=\"noopener\"><span style=\"text-decoration: underline;\">rock et metal<\/span><\/a>. Avec une expertise reconnue et une passion in\u00e9branlable pour la musique, <strong>M&amp;O OFFICE<\/strong> accompagne les artistes dans leur d\u00e9veloppement et leur donne les moyens de briller sur la sc\u00e8ne fran\u00e7aise et internationale.<\/p>\n<h2 style=\"text-align: left;\"><span style=\"font-size: 14pt;\">Un accompagnement sur-mesure pour les artistes<\/span><\/h2>\n<p style=\"text-align: left;\">M&amp;O OFFICE propose un large panel de services visant \u00e0 optimiser la carri\u00e8re des groupes et \u00e0 leur offrir une exposition maximale. Du <strong>management artistique<\/strong> \u00e0 la <strong>recherche de concerts<\/strong> en passant par la <strong>promotion m\u00e9diatique<\/strong>, l\u2019agence met son savoir-faire au service des talents.<\/p>\n<ul style=\"text-align: left;\" data-spread=\"false\">\n<li><strong>Management<\/strong> : Une strat\u00e9gie personnalis\u00e9e pour structurer la carri\u00e8re des artistes, g\u00e9rer leur image et optimiser leur d\u00e9veloppement.<\/li>\n<li><strong>Booking<\/strong> : Une mise en relation efficace avec les salles, festivals et <a title=\"photographe evenementiels Nice provence\" href=\"https:\/\/www.bastien-jannot-jerome.com\/\" target=\"_blank\" rel=\"noopener\">organisateurs d&rsquo;\u00e9v\u00e9nements<\/a> pour assurer une pr\u00e9sence sc\u00e9nique r\u00e9guli\u00e8re.<\/li>\n<li><strong>Promotion<\/strong> : Une communication cibl\u00e9e, incluant relations presse, marketing digital et diffusion sur les plateformes de streaming.<\/li>\n<\/ul>\n<h3 style=\"text-align: left;\">Un tremplin pour la sc\u00e8ne musicale fran\u00e7aise<\/h3>\n<p style=\"text-align: left;\">M&amp;O OFFICE se donne pour mission de soutenir et valoriser la richesse de la sc\u00e8ne musicale fran\u00e7aise. En collaborant avec des artistes \u00e9mergents comme confirm\u00e9s, la structure joue un r\u00f4le cl\u00e9 dans la mise en lumi\u00e8re des talents et dans la cr\u00e9ation d\u2019opportunit\u00e9s. Son r\u00e9seau de partenaires et de professionnels du secteur permet aux groupes d\u2019acc\u00e9der \u00e0 des opportunit\u00e9s uniques pour se produire et se faire conna\u00eetre.<\/p>\n<h3 style=\"text-align: left;\">Rejoignez la communaut\u00e9 M&amp;O OFFICE<\/h3>\n<p style=\"text-align: left;\">Que vous soyez un groupe \u00e0 la recherche de visibilit\u00e9, un organisateur d&rsquo;\u00e9v\u00e9nements en qu\u00eate de talents ou un professionnel de l&rsquo;industrie musicale souhaitant collaborer, <strong>M&amp;O OFFICE<\/strong> est votre partenaire id\u00e9al. Ensemble, faisons rayonner la musique pop, rock et metal et donnons \u00e0 la sc\u00e8ne fran\u00e7aise l\u2019ampleur qu\u2019elle m\u00e9rite.<\/p>\n<p style=\"text-align: left;\">Retrouvez toutes les informations sur <a href=\"https:\/\/www.m-o-office.com\/site\/contacts\/\"><span style=\"text-decoration: underline;\">M&amp;O OFFICE<\/span><\/a> et rejoignez-nous sur les r\u00e9seaux sociaux pour suivre nos actualit\u00e9s et d\u00e9couvrir les talents que nous accompagnons !<\/p>\n<hr \/>\n<p style=\"text-align: left;\">Label pop rock metal : <a title=\"label pop rock metal\" href=\"https:\/\/www.m-o-music.com\/site\/mo-music-le-label-independant-qui-fait-briller-la-scene-pop-rock-et-metal\/\" target=\"_blank\" rel=\"noopener\"><strong><span style=\"text-decoration: underline;\">M&amp;O MUSIC<\/span><\/strong><\/a><\/p>\n<\/div><div class=\"fusion-image-element \" style=\"text-align:center;--awb-caption-title-font-family:var(--h2_typography-font-family);--awb-caption-title-font-weight:var(--h2_typography-font-weight);--awb-caption-title-font-style:var(--h2_typography-font-style);--awb-caption-title-size:var(--h2_typography-font-size);--awb-caption-title-transform:var(--h2_typography-text-transform);--awb-caption-title-line-height:var(--h2_typography-line-height);--awb-caption-title-letter-spacing:var(--h2_typography-letter-spacing);\"><span class=\" fusion-imageframe imageframe-none imageframe-1 hover-type-none\"><img decoding=\"async\" width=\"400\" height=\"267\" alt=\"agence management booking promotion artistes et groupes pop rock metal\" title=\"agence management booking promotion artistes et groupes pop rock metal\" src=\"https:\/\/www.m-o-office.com\/site\/wp-content\/uploads\/2022\/03\/logo-moffice-1200-800-black-400x267.png\" class=\"img-responsive wp-image-1427\" srcset=\"https:\/\/www.m-o-office.com\/site\/wp-content\/uploads\/2022\/03\/logo-moffice-1200-800-black-200x133.png 200w, https:\/\/www.m-o-office.com\/site\/wp-content\/uploads\/2022\/03\/logo-moffice-1200-800-black-400x267.png 400w, https:\/\/www.m-o-office.com\/site\/wp-content\/uploads\/2022\/03\/logo-moffice-1200-800-black-600x400.png 600w, https:\/\/www.m-o-office.com\/site\/wp-content\/uploads\/2022\/03\/logo-moffice-1200-800-black-800x533.png 800w, https:\/\/www.m-o-office.com\/site\/wp-content\/uploads\/2022\/03\/logo-moffice-1200-800-black.png 1200w\" sizes=\"(max-width: 1024px) 100vw, (max-width: 640px) 100vw, 400px\" \/><\/span><\/div><\/div><\/div><\/div><\/div><\/p>\n","protected":false},"excerpt":{"rendered":"","protected":false},"author":3,"featured_media":1598,"parent":0,"menu_order":0,"comment_status":"closed","ping_status":"closed","template":"100-width.php","meta":{"_monsterinsights_skip_tracking":false,"_monsterinsights_sitenote_active":false,"_monsterinsights_sitenote_note":"","_monsterinsights_sitenote_category":0,"footnotes":""},"class_list":["post-2070","page","type-page","status-publish","has-post-thumbnail","hentry"],"aioseo_notices":[],"_links":{"self":[{"href":"https:\/\/www.m-o-office.com\/site\/wp-json\/wp\/v2\/pages\/2070","targetHints":{"allow":["GET"]}}],"collection":[{"href":"https:\/\/www.m-o-office.com\/site\/wp-json\/wp\/v2\/pages"}],"about":[{"href":"https:\/\/www.m-o-office.com\/site\/wp-json\/wp\/v2\/types\/page"}],"author":[{"embeddable":true,"href":"https:\/\/www.m-o-office.com\/site\/wp-json\/wp\/v2\/users\/3"}],"replies":[{"embeddable":true,"href":"https:\/\/www.m-o-office.com\/site\/wp-json\/wp\/v2\/comments?post=2070"}],"version-history":[{"count":9,"href":"https:\/\/www.m-o-office.com\/site\/wp-json\/wp\/v2\/pages\/2070\/revisions"}],"predecessor-version":[{"id":2080,"href":"https:\/\/www.m-o-office.com\/site\/wp-json\/wp\/v2\/pages\/2070\/revisions\/2080"}],"wp:featuredmedia":[{"embeddable":true,"href":"https:\/\/www.m-o-office.com\/site\/wp-json\/wp\/v2\/media\/1598"}],"wp:attachment":[{"href":"https:\/\/www.m-o-office.com\/site\/wp-json\/wp\/v2\/media?parent=2070"}],"curies":[{"name":"wp","href":"https:\/\/api.w.org\/{rel}","templated":true}]}}